{"id":150,"date":"2025-05-17T17:20:57","date_gmt":"2025-05-17T14:20:57","guid":{"rendered":"https:\/\/viikko.ylistyslahti.fi\/?page_id=150"},"modified":"2026-04-26T15:45:48","modified_gmt":"2026-04-26T12:45:48","slug":"perjantai-22-8","status":"publish","type":"page","link":"https:\/\/viikko.ylistyslahti.fi\/index.php\/perjantai-22-8\/","title":{"rendered":"Perjantai 21.8. klo [viel\u00e4 avoin]"},"content":{"rendered":"\n<div class=\"wp-block-columns is-layout-flex wp-container-core-columns-is-layout-28f84493 wp-block-columns-is-layout-flex\">\n<div class=\"wp-block-column is-layout-flow wp-block-column-is-layout-flow\" style=\"flex-basis:33.33%\">\n<figure class=\"wp-block-image size-full is-resized\"><img loading=\"lazy\" decoding=\"async\" width=\"236\" height=\"230\" src=\"https:\/\/viikko.ylistyslahti.fi\/wp-content\/uploads\/2025\/05\/YMPY2.png\" alt=\"\" class=\"wp-image-154\" style=\"width:125px;height:auto\"\/><\/figure>\n<\/div>\n\n\n\n<div class=\"wp-block-column is-vertically-aligned-center is-layout-flow wp-block-column-is-layout-flow\" style=\"flex-basis:66.66%\">\n<ul class=\"wp-block-list\">\n<li>Paikka: Lahden Helluntaiseurakunta<\/li>\n\n\n\n<li>Osoite: Kiveri\u00f6nkatu 1<\/li>\n\n\n\n<li>Ylistyst\u00e4 johtaa Johanna Kaukiainen<\/li>\n\n\n\n<li>Ylistyst\u00e4 yhdess\u00e4 koululaisten kanssa<\/li>\n<\/ul>\n<\/div>\n\n\n\n<div class=\"wp-block-column is-layout-flow wp-block-column-is-layout-flow\"><\/div>\n<\/div>\n\n\n\n<div style=\"height:44px\" aria-hidden=\"true\" class=\"wp-block-spacer\"><\/div>\n\n\n\n<figure class=\"wp-block-image size-full\"><img loading=\"lazy\" decoding=\"async\" width=\"1024\" height=\"1024\" src=\"https:\/\/viikko.ylistyslahti.fi\/wp-content\/uploads\/2025\/04\/Tanssivat.jpeg\" alt=\"\" class=\"wp-image-61\" srcset=\"https:\/\/viikko.ylistyslahti.fi\/wp-content\/uploads\/2025\/04\/Tanssivat.jpeg 1024w, https:\/\/viikko.ylistyslahti.fi\/wp-content\/uploads\/2025\/04\/Tanssivat-300x300.jpeg 300w, https:\/\/viikko.ylistyslahti.fi\/wp-content\/uploads\/2025\/04\/Tanssivat-150x150.jpeg 150w, https:\/\/viikko.ylistyslahti.fi\/wp-content\/uploads\/2025\/04\/Tanssivat-768x768.jpeg 768w\" sizes=\"auto, (max-width: 1024px) 100vw, 1024px\" \/><\/figure>\n\n\n\n<div style=\"height:19px\" aria-hidden=\"true\" class=\"wp-block-spacer\"><\/div>\n\n\n\n<div class=\"wp-block-group is-nowrap is-layout-flex wp-container-core-group-is-layout-6c531013 wp-block-group-is-layout-flex\">\n<figure class=\"wp-block-image alignleft size-full is-resized\"><img loading=\"lazy\" decoding=\"async\" width=\"1024\" height=\"1024\" src=\"https:\/\/viikko.ylistyslahti.fi\/wp-content\/uploads\/2025\/05\/Designer-15.jpeg\" alt=\"\" class=\"wp-image-157\" style=\"width:157px;height:auto\" srcset=\"https:\/\/viikko.ylistyslahti.fi\/wp-content\/uploads\/2025\/05\/Designer-15.jpeg 1024w, https:\/\/viikko.ylistyslahti.fi\/wp-content\/uploads\/2025\/05\/Designer-15-300x300.jpeg 300w, https:\/\/viikko.ylistyslahti.fi\/wp-content\/uploads\/2025\/05\/Designer-15-150x150.jpeg 150w, https:\/\/viikko.ylistyslahti.fi\/wp-content\/uploads\/2025\/05\/Designer-15-768x768.jpeg 768w\" sizes=\"auto, (max-width: 1024px) 100vw, 1024px\" \/><\/figure>\n\n\n\n<blockquote class=\"wp-block-quote is-layout-flow wp-block-quote-is-layout-flow\">\n<p>&#8221;&#8221;Sin\u00e4, meid\u00e4n Herramme ja meid\u00e4n Jumalamme, olet arvollinen saamaan ylistyksen ja kunnian ja voiman&#8221; (Ilm 4:11)<\/p>\n<\/blockquote>\n<\/div>\n\n\n\n<div style=\"height:39px\" aria-hidden=\"true\" class=\"wp-block-spacer\"><\/div>\n\n\n\n<figure class=\"wp-block-image size-full\"><img loading=\"lazy\" decoding=\"async\" width=\"786\" height=\"522\" src=\"https:\/\/viikko.ylistyslahti.fi\/wp-content\/uploads\/2025\/05\/Ylistysviikko_2.png\" alt=\"\" class=\"wp-image-92\" srcset=\"https:\/\/viikko.ylistyslahti.fi\/wp-content\/uploads\/2025\/05\/Ylistysviikko_2.png 786w, https:\/\/viikko.ylistyslahti.fi\/wp-content\/uploads\/2025\/05\/Ylistysviikko_2-300x199.png 300w, https:\/\/viikko.ylistyslahti.fi\/wp-content\/uploads\/2025\/05\/Ylistysviikko_2-768x510.png 768w\" sizes=\"auto, (max-width: 786px) 100vw, 786px\" \/><\/figure>\n\n\n\n<div style=\"height:71px\" aria-hidden=\"true\" class=\"wp-block-spacer\"><\/div>\n\n\n\n<div class=\"wp-block-group is-nowrap is-layout-flex wp-container-core-group-is-layout-6c531013 wp-block-group-is-layout-flex\">\n<figure class=\"wp-block-image alignleft size-full is-resized is-style-rounded\"><img loading=\"lazy\" decoding=\"async\" width=\"904\" height=\"1600\" src=\"https:\/\/viikko.ylistyslahti.fi\/wp-content\/uploads\/2026\/04\/Jonna.jpeg\" alt=\"\" class=\"wp-image-464\" style=\"width:372px;height:auto\" srcset=\"https:\/\/viikko.ylistyslahti.fi\/wp-content\/uploads\/2026\/04\/Jonna.jpeg 904w, https:\/\/viikko.ylistyslahti.fi\/wp-content\/uploads\/2026\/04\/Jonna-170x300.jpeg 170w, https:\/\/viikko.ylistyslahti.fi\/wp-content\/uploads\/2026\/04\/Jonna-579x1024.jpeg 579w, https:\/\/viikko.ylistyslahti.fi\/wp-content\/uploads\/2026\/04\/Jonna-768x1359.jpeg 768w, https:\/\/viikko.ylistyslahti.fi\/wp-content\/uploads\/2026\/04\/Jonna-868x1536.jpeg 868w\" sizes=\"auto, (max-width: 904px) 100vw, 904px\" \/><\/figure>\n\n\n\n<div class=\"wp-block-group is-nowrap is-layout-flex wp-container-core-group-is-layout-6c531013 wp-block-group-is-layout-flex\">\n<details class=\"wp-block-details is-layout-flow wp-block-details-is-layout-flow\"><summary>T\u00e4nne tulossa Johanna Kaukiaisen ajatuksia illasta ja ylistyksest\u00e4<\/summary>\n<p><\/p>\n<\/details>\n<\/div>\n<\/div>\n\n\n\n<div style=\"height:66px\" aria-hidden=\"true\" class=\"wp-block-spacer\"><\/div>\n\n\n\n<p>Iltaa odotellessa voit viritt\u00e4yty\u00e4 ylistyksen ilmapiiriin esimerkiksi seuraavan videon (TV7) v\u00e4lityksell\u00e4<\/p>\n\n\n\n<div class=\"wp-block-buttons is-layout-flex wp-block-buttons-is-layout-flex\">\n<div class=\"wp-block-button\"><a class=\"wp-block-button__link wp-element-button\" href=\"https:\/\/www.tv7.fi\/arkki\/alttari\/psalmi-24_p104814\/\">Alttari ylistysvideo, Psalmi 24 (10 min)&#8230;TV7 arkki<\/a><\/div>\n<\/div>\n","protected":false},"excerpt":{"rendered":"<p>&#8221;&#8221;Sin\u00e4, meid\u00e4n Herramme ja meid\u00e4n Jumalamme, olet arvollinen saamaan ylistyksen ja kunnian ja voiman&#8221; (Ilm 4:11) Iltaa odotellessa voit viritt\u00e4yty\u00e4 ylistyksen ilmapiiriin esimerkiksi seuraavan videon (TV7) v\u00e4lityksell\u00e4<\/p>\n","protected":false},"author":1,"featured_media":0,"parent":0,"menu_order":0,"comment_status":"closed","ping_status":"closed","template":"","meta":{"footnotes":""},"class_list":["post-150","page","type-page","status-publish","hentry"],"_links":{"self":[{"href":"https:\/\/viikko.ylistyslahti.fi\/index.php\/wp-json\/wp\/v2\/pages\/150","targetHints":{"allow":["GET"]}}],"collection":[{"href":"https:\/\/viikko.ylistyslahti.fi\/index.php\/wp-json\/wp\/v2\/pages"}],"about":[{"href":"https:\/\/viikko.ylistyslahti.fi\/index.php\/wp-json\/wp\/v2\/types\/page"}],"author":[{"embeddable":true,"href":"https:\/\/viikko.ylistyslahti.fi\/index.php\/wp-json\/wp\/v2\/users\/1"}],"replies":[{"embeddable":true,"href":"https:\/\/viikko.ylistyslahti.fi\/index.php\/wp-json\/wp\/v2\/comments?post=150"}],"version-history":[{"count":33,"href":"https:\/\/viikko.ylistyslahti.fi\/index.php\/wp-json\/wp\/v2\/pages\/150\/revisions"}],"predecessor-version":[{"id":482,"href":"https:\/\/viikko.ylistyslahti.fi\/index.php\/wp-json\/wp\/v2\/pages\/150\/revisions\/482"}],"wp:attachment":[{"href":"https:\/\/viikko.ylistyslahti.fi\/index.php\/wp-json\/wp\/v2\/media?parent=150"}],"curies":[{"name":"wp","href":"https:\/\/api.w.org\/{rel}","templated":true}]}}

Perjantai 21.8. klo [vielä avoin]

<div class="wp-block-columns is-layout-flex wp-container-core-columns-is-layout-28f84493 wp-block-columns-is-layout-flex">
<div class="wp-block-column is-layout-flow wp-block-column-is-layout-flow" style="flex-basis:33.33%">
<figure class="wp-block-image size-full is-resized"><img loading="lazy" decoding="async" width="236" height="230" src="https://viikko.ylistyslahti.fi/wp-content/uploads/2025/05/YMPY2.png" alt="" class="wp-image-154" style="width:125px;height:auto"/></figure>
</div>



<div class="wp-block-column is-vertically-aligned-center is-layout-flow wp-block-column-is-layout-flow" style="flex-basis:66.66%">
<ul class="wp-block-list">
<li>Paikka: Lahden Helluntaiseurakunta</li>



<li>Osoite: Kiveriönkatu 1</li>



<li>Ylistystä johtaa Johanna Kaukiainen</li>



<li>Ylistystä yhdessä koululaisten kanssa</li>
</ul>
</div>



<div class="wp-block-column is-layout-flow wp-block-column-is-layout-flow"></div>
</div>



<div style="height:44px" aria-hidden="true" class="wp-block-spacer"></div>



<figure class="wp-block-image size-full"><img loading="lazy" decoding="async" width="1024" height="1024" src="https://viikko.ylistyslahti.fi/wp-content/uploads/2025/04/Tanssivat.jpeg" alt="" class="wp-image-61" srcset="https://viikko.ylistyslahti.fi/wp-content/uploads/2025/04/Tanssivat.jpeg 1024w, https://viikko.ylistyslahti.fi/wp-content/uploads/2025/04/Tanssivat-300x300.jpeg 300w, https://viikko.ylistyslahti.fi/wp-content/uploads/2025/04/Tanssivat-150x150.jpeg 150w, https://viikko.ylistyslahti.fi/wp-content/uploads/2025/04/Tanssivat-768x768.jpeg 768w" sizes="auto, (max-width: 1024px) 100vw, 1024px" /></figure>



<div style="height:19px" aria-hidden="true" class="wp-block-spacer"></div>



<div class="wp-block-group is-nowrap is-layout-flex wp-container-core-group-is-layout-6c531013 wp-block-group-is-layout-flex">
<figure class="wp-block-image alignleft size-full is-resized"><img loading="lazy" decoding="async" width="1024" height="1024" src="https://viikko.ylistyslahti.fi/wp-content/uploads/2025/05/Designer-15.jpeg" alt="" class="wp-image-157" style="width:157px;height:auto" srcset="https://viikko.ylistyslahti.fi/wp-content/uploads/2025/05/Designer-15.jpeg 1024w, https://viikko.ylistyslahti.fi/wp-content/uploads/2025/05/Designer-15-300x300.jpeg 300w, https://viikko.ylistyslahti.fi/wp-content/uploads/2025/05/Designer-15-150x150.jpeg 150w, https://viikko.ylistyslahti.fi/wp-content/uploads/2025/05/Designer-15-768x768.jpeg 768w" sizes="auto, (max-width: 1024px) 100vw, 1024px" /></figure>



<blockquote class="wp-block-quote is-layout-flow wp-block-quote-is-layout-flow">
<p>&#8221;&#8221;Sinä, meidän Herramme ja meidän Jumalamme, olet arvollinen saamaan ylistyksen ja kunnian ja voiman&#8221; (Ilm 4:11)</p>
</blockquote>
</div>



<div style="height:39px" aria-hidden="true" class="wp-block-spacer"></div>



<figure class="wp-block-image size-full"><img loading="lazy" decoding="async" width="786" height="522" src="https://viikko.ylistyslahti.fi/wp-content/uploads/2025/05/Ylistysviikko_2.png" alt="" class="wp-image-92" srcset="https://viikko.ylistyslahti.fi/wp-content/uploads/2025/05/Ylistysviikko_2.png 786w, https://viikko.ylistyslahti.fi/wp-content/uploads/2025/05/Ylistysviikko_2-300x199.png 300w, https://viikko.ylistyslahti.fi/wp-content/uploads/2025/05/Ylistysviikko_2-768x510.png 768w" sizes="auto, (max-width: 786px) 100vw, 786px" /></figure>



<div style="height:71px" aria-hidden="true" class="wp-block-spacer"></div>



<div class="wp-block-group is-nowrap is-layout-flex wp-container-core-group-is-layout-6c531013 wp-block-group-is-layout-flex">
<figure class="wp-block-image alignleft size-full is-resized is-style-rounded"><img loading="lazy" decoding="async" width="904" height="1600" src="https://viikko.ylistyslahti.fi/wp-content/uploads/2026/04/Jonna.jpeg" alt="" class="wp-image-464" style="width:372px;height:auto" srcset="https://viikko.ylistyslahti.fi/wp-content/uploads/2026/04/Jonna.jpeg 904w, https://viikko.ylistyslahti.fi/wp-content/uploads/2026/04/Jonna-170x300.jpeg 170w, https://viikko.ylistyslahti.fi/wp-content/uploads/2026/04/Jonna-579x1024.jpeg 579w, https://viikko.ylistyslahti.fi/wp-content/uploads/2026/04/Jonna-768x1359.jpeg 768w, https://viikko.ylistyslahti.fi/wp-content/uploads/2026/04/Jonna-868x1536.jpeg 868w" sizes="auto, (max-width: 904px) 100vw, 904px" /></figure>



<div class="wp-block-group is-nowrap is-layout-flex wp-container-core-group-is-layout-6c531013 wp-block-group-is-layout-flex">
<details class="wp-block-details is-layout-flow wp-block-details-is-layout-flow"><summary>Tänne tulossa Johanna Kaukiaisen ajatuksia illasta ja ylistyksestä</summary>
<p></p>
</details>
</div>
</div>



<div style="height:66px" aria-hidden="true" class="wp-block-spacer"></div>



<p>Iltaa odotellessa voit virittäytyä ylistyksen ilmapiiriin esimerkiksi seuraavan videon (TV7) välityksellä</p>



<div class="wp-block-buttons is-layout-flex wp-block-buttons-is-layout-flex">
<div class="wp-block-button"><a class="wp-block-button__link wp-element-button" href="https://www.tv7.fi/arkki/alttari/psalmi-24_p104814/">Alttari ylistysvideo, Psalmi 24 (10 min)&#8230;TV7 arkki</a></div>
</div>

<p>&#8221;&#8221;Sinä, meidän Herramme ja meidän Jumalamme, olet arvollinen saamaan ylistyksen ja kunnian ja voiman&#8221; (Ilm 4:11) Iltaa odotellessa voit virittäytyä ylistyksen ilmapiiriin esimerkiksi seuraavan videon (TV7) välityksellä</p>
