{"id":164,"date":"2025-05-17T17:43:10","date_gmt":"2025-05-17T14:43:10","guid":{"rendered":"https:\/\/viikko.ylistyslahti.fi\/?page_id=164"},"modified":"2026-04-26T15:46:46","modified_gmt":"2026-04-26T12:46:46","slug":"sunnuntai-24-8-klo-19","status":"publish","type":"page","link":"https:\/\/viikko.ylistyslahti.fi\/index.php\/sunnuntai-24-8-klo-19\/","title":{"rendered":"Sunnuntai 23.8. klo [17 tai 17.30]"},"content":{"rendered":"\n<div class=\"wp-block-columns is-layout-flex wp-container-core-columns-is-layout-28f84493 wp-block-columns-is-layout-flex\">\n<div class=\"wp-block-column is-layout-flow wp-block-column-is-layout-flow\" style=\"flex-basis:33.33%\">\n<figure class=\"wp-block-image size-full is-resized\"><img loading=\"lazy\" decoding=\"async\" width=\"241\" height=\"230\" src=\"https:\/\/viikko.ylistyslahti.fi\/wp-content\/uploads\/2025\/05\/YMPY4.png\" alt=\"\" class=\"wp-image-165\" style=\"width:125px;height:auto\"\/><\/figure>\n<\/div>\n\n\n\n<div class=\"wp-block-column is-vertically-aligned-center is-layout-flow wp-block-column-is-layout-flow\" style=\"flex-basis:66.66%\">\n<ul class=\"wp-block-list\">\n<li>Paikka: Mukkulan kirkko<\/li>\n\n\n\n<li>Osoite: Kilpi\u00e4istentie 1<\/li>\n\n\n\n<li>Ylistyst\u00e4 johtaa: Erika Harjukoski<\/li>\n<\/ul>\n<\/div>\n\n\n\n<div class=\"wp-block-column is-layout-flow wp-block-column-is-layout-flow\"><\/div>\n<\/div>\n\n\n\n<div style=\"height:44px\" aria-hidden=\"true\" class=\"wp-block-spacer\"><\/div>\n\n\n\n<figure class=\"wp-block-image size-full\"><img loading=\"lazy\" decoding=\"async\" width=\"935\" height=\"804\" src=\"https:\/\/viikko.ylistyslahti.fi\/wp-content\/uploads\/2025\/05\/Designer-2.jpeg\" alt=\"\" class=\"wp-image-125\" srcset=\"https:\/\/viikko.ylistyslahti.fi\/wp-content\/uploads\/2025\/05\/Designer-2.jpeg 935w, https:\/\/viikko.ylistyslahti.fi\/wp-content\/uploads\/2025\/05\/Designer-2-300x258.jpeg 300w, https:\/\/viikko.ylistyslahti.fi\/wp-content\/uploads\/2025\/05\/Designer-2-768x660.jpeg 768w\" sizes=\"auto, (max-width: 935px) 100vw, 935px\" \/><\/figure>\n\n\n\n<div style=\"height:19px\" aria-hidden=\"true\" class=\"wp-block-spacer\"><\/div>\n\n\n\n<div class=\"wp-block-group is-nowrap is-layout-flex wp-container-core-group-is-layout-6c531013 wp-block-group-is-layout-flex\">\n<figure class=\"wp-block-image alignleft size-full is-resized\"><img loading=\"lazy\" decoding=\"async\" width=\"1024\" height=\"1024\" src=\"https:\/\/viikko.ylistyslahti.fi\/wp-content\/uploads\/2025\/05\/Designer-9.jpeg\" alt=\"\" class=\"wp-image-197\" style=\"width:157px;height:auto\" srcset=\"https:\/\/viikko.ylistyslahti.fi\/wp-content\/uploads\/2025\/05\/Designer-9.jpeg 1024w, https:\/\/viikko.ylistyslahti.fi\/wp-content\/uploads\/2025\/05\/Designer-9-300x300.jpeg 300w, https:\/\/viikko.ylistyslahti.fi\/wp-content\/uploads\/2025\/05\/Designer-9-150x150.jpeg 150w, https:\/\/viikko.ylistyslahti.fi\/wp-content\/uploads\/2025\/05\/Designer-9-768x768.jpeg 768w\" sizes=\"auto, (max-width: 1024px) 100vw, 1024px\" \/><\/figure>\n\n\n\n<blockquote class=\"wp-block-quote is-layout-flow wp-block-quote-is-layout-flow\">\n<p>&#8221;Halleluja! Veisatkaa Herralle uusi virsi: ylistysvirsi h\u00e4nelle.&#8221; (Ps 149:1)<\/p>\n<\/blockquote>\n<\/div>\n\n\n\n<div style=\"height:39px\" aria-hidden=\"true\" class=\"wp-block-spacer\"><\/div>\n\n\n\n<figure class=\"wp-block-image size-full\"><img loading=\"lazy\" decoding=\"async\" width=\"786\" height=\"522\" src=\"https:\/\/viikko.ylistyslahti.fi\/wp-content\/uploads\/2025\/05\/Ylistysviikko_2.png\" alt=\"\" class=\"wp-image-92\" srcset=\"https:\/\/viikko.ylistyslahti.fi\/wp-content\/uploads\/2025\/05\/Ylistysviikko_2.png 786w, https:\/\/viikko.ylistyslahti.fi\/wp-content\/uploads\/2025\/05\/Ylistysviikko_2-300x199.png 300w, https:\/\/viikko.ylistyslahti.fi\/wp-content\/uploads\/2025\/05\/Ylistysviikko_2-768x510.png 768w\" sizes=\"auto, (max-width: 786px) 100vw, 786px\" \/><\/figure>\n\n\n\n<div style=\"height:71px\" aria-hidden=\"true\" class=\"wp-block-spacer\"><\/div>\n\n\n\n<div class=\"wp-block-group is-nowrap is-layout-flex wp-container-core-group-is-layout-6c531013 wp-block-group-is-layout-flex\">\n<figure class=\"wp-block-image alignleft size-full is-resized is-style-rounded\"><img loading=\"lazy\" decoding=\"async\" width=\"995\" height=\"1350\" src=\"https:\/\/viikko.ylistyslahti.fi\/wp-content\/uploads\/2025\/06\/Erika1.png\" alt=\"\" class=\"wp-image-343\" style=\"width:224px;height:auto\" srcset=\"https:\/\/viikko.ylistyslahti.fi\/wp-content\/uploads\/2025\/06\/Erika1.png 995w, https:\/\/viikko.ylistyslahti.fi\/wp-content\/uploads\/2025\/06\/Erika1-221x300.png 221w, https:\/\/viikko.ylistyslahti.fi\/wp-content\/uploads\/2025\/06\/Erika1-755x1024.png 755w, https:\/\/viikko.ylistyslahti.fi\/wp-content\/uploads\/2025\/06\/Erika1-768x1042.png 768w\" sizes=\"auto, (max-width: 995px) 100vw, 995px\" \/><\/figure>\n\n\n\n<div class=\"wp-block-group is-nowrap is-layout-flex wp-container-core-group-is-layout-6c531013 wp-block-group-is-layout-flex\">\n<details class=\"wp-block-details is-layout-flow wp-block-details-is-layout-flow\"><summary>T\u00e4h\u00e4n tulossa Erika Harjukosken ajatuksia illasta ja ylistyksest\u00e4<\/summary>\n<p><\/p>\n<\/details>\n<\/div>\n<\/div>\n\n\n\n<blockquote class=\"wp-block-quote is-style-plain is-layout-flow wp-block-quote-is-layout-flow is-style-plain--1\">\n<figure class=\"wp-block-gallery has-nested-images columns-default is-cropped wp-block-gallery-2 is-layout-flex wp-block-gallery-is-layout-flex\">\n<figure class=\"wp-block-image size-large is-style-rounded\"><img loading=\"lazy\" decoding=\"async\" width=\"1024\" height=\"857\" data-id=\"359\" src=\"https:\/\/viikko.ylistyslahti.fi\/wp-content\/uploads\/2025\/06\/Maansuola1-1024x857.png\" alt=\"\" class=\"wp-image-359\" srcset=\"https:\/\/viikko.ylistyslahti.fi\/wp-content\/uploads\/2025\/06\/Maansuola1-1024x857.png 1024w, https:\/\/viikko.ylistyslahti.fi\/wp-content\/uploads\/2025\/06\/Maansuola1-300x251.png 300w, https:\/\/viikko.ylistyslahti.fi\/wp-content\/uploads\/2025\/06\/Maansuola1-768x643.png 768w, https:\/\/viikko.ylistyslahti.fi\/wp-content\/uploads\/2025\/06\/Maansuola1.png 1172w\" sizes=\"auto, (max-width: 1024px) 100vw, 1024px\" \/><\/figure>\n\n\n\n<figure class=\"wp-block-image size-full is-style-rounded\"><img loading=\"lazy\" decoding=\"async\" width=\"935\" height=\"804\" data-id=\"33\" src=\"https:\/\/viikko.ylistyslahti.fi\/wp-content\/uploads\/2025\/04\/Designer-2.jpeg\" alt=\"\" class=\"wp-image-33\" srcset=\"https:\/\/viikko.ylistyslahti.fi\/wp-content\/uploads\/2025\/04\/Designer-2.jpeg 935w, https:\/\/viikko.ylistyslahti.fi\/wp-content\/uploads\/2025\/04\/Designer-2-300x258.jpeg 300w, https:\/\/viikko.ylistyslahti.fi\/wp-content\/uploads\/2025\/04\/Designer-2-768x660.jpeg 768w\" sizes=\"auto, (max-width: 935px) 100vw, 935px\" \/><\/figure>\n<\/figure>\n<\/blockquote>\n\n\n\n<p><\/p>\n\n\n\n<p><\/p>\n","protected":false},"excerpt":{"rendered":"<p>&#8221;Halleluja! Veisatkaa Herralle uusi virsi: ylistysvirsi h\u00e4nelle.&#8221; (Ps 149:1)<\/p>\n","protected":false},"author":1,"featured_media":0,"parent":0,"menu_order":0,"comment_status":"closed","ping_status":"closed","template":"","meta":{"footnotes":""},"class_list":["post-164","page","type-page","status-publish","hentry"],"_links":{"self":[{"href":"https:\/\/viikko.ylistyslahti.fi\/index.php\/wp-json\/wp\/v2\/pages\/164","targetHints":{"allow":["GET"]}}],"collection":[{"href":"https:\/\/viikko.ylistyslahti.fi\/index.php\/wp-json\/wp\/v2\/pages"}],"about":[{"href":"https:\/\/viikko.ylistyslahti.fi\/index.php\/wp-json\/wp\/v2\/types\/page"}],"author":[{"embeddable":true,"href":"https:\/\/viikko.ylistyslahti.fi\/index.php\/wp-json\/wp\/v2\/users\/1"}],"replies":[{"embeddable":true,"href":"https:\/\/viikko.ylistyslahti.fi\/index.php\/wp-json\/wp\/v2\/comments?post=164"}],"version-history":[{"count":15,"href":"https:\/\/viikko.ylistyslahti.fi\/index.php\/wp-json\/wp\/v2\/pages\/164\/revisions"}],"predecessor-version":[{"id":483,"href":"https:\/\/viikko.ylistyslahti.fi\/index.php\/wp-json\/wp\/v2\/pages\/164\/revisions\/483"}],"wp:attachment":[{"href":"https:\/\/viikko.ylistyslahti.fi\/index.php\/wp-json\/wp\/v2\/media?parent=164"}],"curies":[{"name":"wp","href":"https:\/\/api.w.org\/{rel}","templated":true}]}}

<div class="wp-block-columns is-layout-flex wp-container-core-columns-is-layout-28f84493 wp-block-columns-is-layout-flex">
<div class="wp-block-column is-layout-flow wp-block-column-is-layout-flow" style="flex-basis:33.33%">
<figure class="wp-block-image size-full is-resized"><img loading="lazy" decoding="async" width="241" height="230" src="https://viikko.ylistyslahti.fi/wp-content/uploads/2025/05/YMPY4.png" alt="" class="wp-image-165" style="width:125px;height:auto"/></figure>
</div>



<div class="wp-block-column is-vertically-aligned-center is-layout-flow wp-block-column-is-layout-flow" style="flex-basis:66.66%">
<ul class="wp-block-list">
<li>Paikka: Mukkulan kirkko</li>



<li>Osoite: Kilpiäistentie 1</li>



<li>Ylistystä johtaa: Erika Harjukoski</li>
</ul>
</div>



<div class="wp-block-column is-layout-flow wp-block-column-is-layout-flow"></div>
</div>



<div style="height:44px" aria-hidden="true" class="wp-block-spacer"></div>



<figure class="wp-block-image size-full"><img loading="lazy" decoding="async" width="935" height="804" src="https://viikko.ylistyslahti.fi/wp-content/uploads/2025/05/Designer-2.jpeg" alt="" class="wp-image-125" srcset="https://viikko.ylistyslahti.fi/wp-content/uploads/2025/05/Designer-2.jpeg 935w, https://viikko.ylistyslahti.fi/wp-content/uploads/2025/05/Designer-2-300x258.jpeg 300w, https://viikko.ylistyslahti.fi/wp-content/uploads/2025/05/Designer-2-768x660.jpeg 768w" sizes="auto, (max-width: 935px) 100vw, 935px" /></figure>



<div style="height:19px" aria-hidden="true" class="wp-block-spacer"></div>



<div class="wp-block-group is-nowrap is-layout-flex wp-container-core-group-is-layout-6c531013 wp-block-group-is-layout-flex">
<figure class="wp-block-image alignleft size-full is-resized"><img loading="lazy" decoding="async" width="1024" height="1024" src="https://viikko.ylistyslahti.fi/wp-content/uploads/2025/05/Designer-9.jpeg" alt="" class="wp-image-197" style="width:157px;height:auto" srcset="https://viikko.ylistyslahti.fi/wp-content/uploads/2025/05/Designer-9.jpeg 1024w, https://viikko.ylistyslahti.fi/wp-content/uploads/2025/05/Designer-9-300x300.jpeg 300w, https://viikko.ylistyslahti.fi/wp-content/uploads/2025/05/Designer-9-150x150.jpeg 150w, https://viikko.ylistyslahti.fi/wp-content/uploads/2025/05/Designer-9-768x768.jpeg 768w" sizes="auto, (max-width: 1024px) 100vw, 1024px" /></figure>



<blockquote class="wp-block-quote is-layout-flow wp-block-quote-is-layout-flow">
<p>&#8221;Halleluja! Veisatkaa Herralle uusi virsi: ylistysvirsi hänelle.&#8221; (Ps 149:1)</p>
</blockquote>
</div>



<div style="height:39px" aria-hidden="true" class="wp-block-spacer"></div>



<figure class="wp-block-image size-full"><img loading="lazy" decoding="async" width="786" height="522" src="https://viikko.ylistyslahti.fi/wp-content/uploads/2025/05/Ylistysviikko_2.png" alt="" class="wp-image-92" srcset="https://viikko.ylistyslahti.fi/wp-content/uploads/2025/05/Ylistysviikko_2.png 786w, https://viikko.ylistyslahti.fi/wp-content/uploads/2025/05/Ylistysviikko_2-300x199.png 300w, https://viikko.ylistyslahti.fi/wp-content/uploads/2025/05/Ylistysviikko_2-768x510.png 768w" sizes="auto, (max-width: 786px) 100vw, 786px" /></figure>



<div style="height:71px" aria-hidden="true" class="wp-block-spacer"></div>



<div class="wp-block-group is-nowrap is-layout-flex wp-container-core-group-is-layout-6c531013 wp-block-group-is-layout-flex">
<figure class="wp-block-image alignleft size-full is-resized is-style-rounded"><img loading="lazy" decoding="async" width="995" height="1350" src="https://viikko.ylistyslahti.fi/wp-content/uploads/2025/06/Erika1.png" alt="" class="wp-image-343" style="width:224px;height:auto" srcset="https://viikko.ylistyslahti.fi/wp-content/uploads/2025/06/Erika1.png 995w, https://viikko.ylistyslahti.fi/wp-content/uploads/2025/06/Erika1-221x300.png 221w, https://viikko.ylistyslahti.fi/wp-content/uploads/2025/06/Erika1-755x1024.png 755w, https://viikko.ylistyslahti.fi/wp-content/uploads/2025/06/Erika1-768x1042.png 768w" sizes="auto, (max-width: 995px) 100vw, 995px" /></figure>



<div class="wp-block-group is-nowrap is-layout-flex wp-container-core-group-is-layout-6c531013 wp-block-group-is-layout-flex">
<details class="wp-block-details is-layout-flow wp-block-details-is-layout-flow"><summary>Tähän tulossa Erika Harjukosken ajatuksia illasta ja ylistyksestä</summary>
<p></p>
</details>
</div>
</div>



<blockquote class="wp-block-quote is-style-plain is-layout-flow wp-block-quote-is-layout-flow is-style-plain--1">
<figure class="wp-block-gallery has-nested-images columns-default is-cropped wp-block-gallery-2 is-layout-flex wp-block-gallery-is-layout-flex">
<figure class="wp-block-image size-large is-style-rounded"><img loading="lazy" decoding="async" width="1024" height="857" data-id="359" src="https://viikko.ylistyslahti.fi/wp-content/uploads/2025/06/Maansuola1-1024x857.png" alt="" class="wp-image-359" srcset="https://viikko.ylistyslahti.fi/wp-content/uploads/2025/06/Maansuola1-1024x857.png 1024w, https://viikko.ylistyslahti.fi/wp-content/uploads/2025/06/Maansuola1-300x251.png 300w, https://viikko.ylistyslahti.fi/wp-content/uploads/2025/06/Maansuola1-768x643.png 768w, https://viikko.ylistyslahti.fi/wp-content/uploads/2025/06/Maansuola1.png 1172w" sizes="auto, (max-width: 1024px) 100vw, 1024px" /></figure>



<figure class="wp-block-image size-full is-style-rounded"><img loading="lazy" decoding="async" width="935" height="804" data-id="33" src="https://viikko.ylistyslahti.fi/wp-content/uploads/2025/04/Designer-2.jpeg" alt="" class="wp-image-33" srcset="https://viikko.ylistyslahti.fi/wp-content/uploads/2025/04/Designer-2.jpeg 935w, https://viikko.ylistyslahti.fi/wp-content/uploads/2025/04/Designer-2-300x258.jpeg 300w, https://viikko.ylistyslahti.fi/wp-content/uploads/2025/04/Designer-2-768x660.jpeg 768w" sizes="auto, (max-width: 935px) 100vw, 935px" /></figure>
</figure>
</blockquote>



<p></p>



<p></p>

<p>&#8221;Halleluja! Veisatkaa Herralle uusi virsi: ylistysvirsi hänelle.&#8221; (Ps 149:1)</p>
