{"id":179,"date":"2025-05-17T18:06:09","date_gmt":"2025-05-17T15:06:09","guid":{"rendered":"https:\/\/viikko.ylistyslahti.fi\/?page_id=179"},"modified":"2026-04-26T15:47:15","modified_gmt":"2026-04-26T12:47:15","slug":"maanantai-25-8-klo-19","status":"publish","type":"page","link":"https:\/\/viikko.ylistyslahti.fi\/index.php\/maanantai-25-8-klo-19\/","title":{"rendered":"Maanantai 25.8. klo 18.30"},"content":{"rendered":"\n<div class=\"wp-block-columns is-layout-flex wp-container-core-columns-is-layout-28f84493 wp-block-columns-is-layout-flex\">\n<div class=\"wp-block-column is-layout-flow wp-block-column-is-layout-flow\" style=\"flex-basis:33.33%\">\n<figure class=\"wp-block-image size-full is-resized\"><img loading=\"lazy\" decoding=\"async\" width=\"238\" height=\"227\" src=\"https:\/\/viikko.ylistyslahti.fi\/wp-content\/uploads\/2025\/05\/YMPY5.png\" alt=\"\" class=\"wp-image-169\" style=\"width:125px;height:auto\"\/><\/figure>\n<\/div>\n\n\n\n<div class=\"wp-block-column is-vertically-aligned-center is-layout-flow wp-block-column-is-layout-flow\" style=\"flex-basis:66.66%\">\n<ul class=\"wp-block-list\">\n<li>Paikka: Avoin<\/li>\n\n\n\n<li>Osoite: Avoin<\/li>\n\n\n\n<li>Ylistyst\u00e4 johtaa: Anne Suonp\u00e4\u00e4<\/li>\n<\/ul>\n<\/div>\n\n\n\n<div class=\"wp-block-column is-layout-flow wp-block-column-is-layout-flow\"><\/div>\n<\/div>\n\n\n\n<div style=\"height:44px\" aria-hidden=\"true\" class=\"wp-block-spacer\"><\/div>\n\n\n\n<figure class=\"wp-block-image size-full\"><img loading=\"lazy\" decoding=\"async\" width=\"1024\" height=\"1024\" src=\"https:\/\/viikko.ylistyslahti.fi\/wp-content\/uploads\/2025\/06\/Designer-12.jpeg\" alt=\"\" class=\"wp-image-332\" srcset=\"https:\/\/viikko.ylistyslahti.fi\/wp-content\/uploads\/2025\/06\/Designer-12.jpeg 1024w, https:\/\/viikko.ylistyslahti.fi\/wp-content\/uploads\/2025\/06\/Designer-12-300x300.jpeg 300w, https:\/\/viikko.ylistyslahti.fi\/wp-content\/uploads\/2025\/06\/Designer-12-150x150.jpeg 150w, https:\/\/viikko.ylistyslahti.fi\/wp-content\/uploads\/2025\/06\/Designer-12-768x768.jpeg 768w\" sizes=\"auto, (max-width: 1024px) 100vw, 1024px\" \/><\/figure>\n\n\n\n<div style=\"height:19px\" aria-hidden=\"true\" class=\"wp-block-spacer\"><\/div>\n\n\n\n<div class=\"wp-block-group is-nowrap is-layout-flex wp-container-core-group-is-layout-6c531013 wp-block-group-is-layout-flex\">\n<figure class=\"wp-block-image alignleft size-full is-resized\"><img loading=\"lazy\" decoding=\"async\" width=\"1024\" height=\"1024\" src=\"https:\/\/viikko.ylistyslahti.fi\/wp-content\/uploads\/2025\/05\/Designer-11.jpeg\" alt=\"\" class=\"wp-image-181\" style=\"width:157px;height:auto\" srcset=\"https:\/\/viikko.ylistyslahti.fi\/wp-content\/uploads\/2025\/05\/Designer-11.jpeg 1024w, https:\/\/viikko.ylistyslahti.fi\/wp-content\/uploads\/2025\/05\/Designer-11-300x300.jpeg 300w, https:\/\/viikko.ylistyslahti.fi\/wp-content\/uploads\/2025\/05\/Designer-11-150x150.jpeg 150w, https:\/\/viikko.ylistyslahti.fi\/wp-content\/uploads\/2025\/05\/Designer-11-768x768.jpeg 768w\" sizes=\"auto, (max-width: 1024px) 100vw, 1024px\" \/><\/figure>\n\n\n\n<blockquote class=\"wp-block-quote is-layout-flow wp-block-quote-is-layout-flow\">\n<p>&#8221;H\u00e4nelle, joka valtaistuimella istuu, ja Karitsalle ylistys ja kunnia ja kirkkaus ja valta aina ja iankaikkisesti&#8221; (Ilm 5:13)<\/p>\n<\/blockquote>\n<\/div>\n\n\n\n<div style=\"height:39px\" aria-hidden=\"true\" class=\"wp-block-spacer\"><\/div>\n\n\n\n<figure class=\"wp-block-image size-full\"><img loading=\"lazy\" decoding=\"async\" width=\"786\" height=\"522\" src=\"https:\/\/viikko.ylistyslahti.fi\/wp-content\/uploads\/2025\/05\/Ylistysviikko_2.png\" alt=\"\" class=\"wp-image-92\" srcset=\"https:\/\/viikko.ylistyslahti.fi\/wp-content\/uploads\/2025\/05\/Ylistysviikko_2.png 786w, https:\/\/viikko.ylistyslahti.fi\/wp-content\/uploads\/2025\/05\/Ylistysviikko_2-300x199.png 300w, https:\/\/viikko.ylistyslahti.fi\/wp-content\/uploads\/2025\/05\/Ylistysviikko_2-768x510.png 768w\" sizes=\"auto, (max-width: 786px) 100vw, 786px\" \/><\/figure>\n\n\n\n<div style=\"height:71px\" aria-hidden=\"true\" class=\"wp-block-spacer\"><\/div>\n\n\n\n<div class=\"wp-block-group is-nowrap is-layout-flex wp-container-core-group-is-layout-6c531013 wp-block-group-is-layout-flex\">\n<figure class=\"wp-block-image alignleft size-full is-resized\"><img loading=\"lazy\" decoding=\"async\" width=\"238\" height=\"227\" src=\"https:\/\/viikko.ylistyslahti.fi\/wp-content\/uploads\/2025\/05\/YMPY5.png\" alt=\"\" class=\"wp-image-169\" style=\"width:215px;height:auto\"\/><\/figure>\n\n\n\n<div class=\"wp-block-group is-nowrap is-layout-flex wp-container-core-group-is-layout-6c531013 wp-block-group-is-layout-flex\">\n<details class=\"wp-block-details is-layout-flow wp-block-details-is-layout-flow\"><summary>T\u00e4h\u00e4n tulossa Anne Suonp\u00e4\u00e4n ajatuksia ylistyksest\u00e4 ja tulevasta illasta:<\/summary>\n<p>Jumalan ylist\u00e4minen musiikin kautta on minulle asia, joka on istutettu syd\u00e4meeni. Tutustuin ylistykseen ensimm\u00e4isi\u00e4 kertoja ollessani rippikoulussa. Koska olin harrastanut pianonsoittoa, tuli soittamisesta ja laulamisesta minulle hyvin luonnollinen tapa kohdata Jumalaa. <\/p>\n\n\n\n<p>T\u00e4ll\u00e4 hetkell\u00e4 palvelen Lahden vapaaseurakunnassa vaihtuvilla kokoonpanoilla. T\u00e4ss\u00e4 maanantain ylistyksess\u00e4 kanssani on Noora Nieminen.<\/p>\n\n\n\n<p>Kaipaan ylistyst\u00e4, jossa on aikaa viipy\u00e4 kiireett\u00f6m\u00e4sti Jumalan l\u00e4sn\u00e4oloss\u00e4 h\u00e4nt\u00e4 palvoen. T\u00e4h\u00e4n haluan my\u00f6s ihmisi\u00e4 johdattaa. <\/p>\n\n\n\n<p>Kaipauksenani on p\u00e4\u00e4st\u00e4 l\u00e4helle Jumalan syd\u00e4nt\u00e4. Vain h\u00e4n on t\u00e4rkein! Toivon, ett\u00e4 illan aikana Jumala kohtaa, yhdist\u00e4\u00e4 ja varustaa seurakuntaansa.<\/p>\n<\/details>\n<\/div>\n<\/div>\n\n\n\n<div style=\"height:100px\" aria-hidden=\"true\" class=\"wp-block-spacer\"><\/div>\n\n\n\n<blockquote class=\"wp-block-quote is-layout-flow wp-block-quote-is-layout-flow\">\n<figure class=\"wp-block-image size-full\"><img loading=\"lazy\" decoding=\"async\" width=\"1024\" height=\"1024\" src=\"https:\/\/viikko.ylistyslahti.fi\/wp-content\/uploads\/2025\/05\/Designer-11.jpeg\" alt=\"\" class=\"wp-image-181\" srcset=\"https:\/\/viikko.ylistyslahti.fi\/wp-content\/uploads\/2025\/05\/Designer-11.jpeg 1024w, https:\/\/viikko.ylistyslahti.fi\/wp-content\/uploads\/2025\/05\/Designer-11-300x300.jpeg 300w, https:\/\/viikko.ylistyslahti.fi\/wp-content\/uploads\/2025\/05\/Designer-11-150x150.jpeg 150w, https:\/\/viikko.ylistyslahti.fi\/wp-content\/uploads\/2025\/05\/Designer-11-768x768.jpeg 768w\" sizes=\"auto, (max-width: 1024px) 100vw, 1024px\" \/><\/figure>\n<\/blockquote>\n\n\n\n<p><\/p>\n\n\n\n<p><\/p>\n","protected":false},"excerpt":{"rendered":"<p>&#8221;H\u00e4nelle, joka valtaistuimella istuu, ja Karitsalle ylistys ja kunnia ja kirkkaus ja valta aina ja iankaikkisesti&#8221; (Ilm 5:13)<\/p>\n","protected":false},"author":1,"featured_media":0,"parent":0,"menu_order":0,"comment_status":"closed","ping_status":"closed","template":"","meta":{"footnotes":""},"class_list":["post-179","page","type-page","status-publish","hentry"],"_links":{"self":[{"href":"https:\/\/viikko.ylistyslahti.fi\/index.php\/wp-json\/wp\/v2\/pages\/179","targetHints":{"allow":["GET"]}}],"collection":[{"href":"https:\/\/viikko.ylistyslahti.fi\/index.php\/wp-json\/wp\/v2\/pages"}],"about":[{"href":"https:\/\/viikko.ylistyslahti.fi\/index.php\/wp-json\/wp\/v2\/types\/page"}],"author":[{"embeddable":true,"href":"https:\/\/viikko.ylistyslahti.fi\/index.php\/wp-json\/wp\/v2\/users\/1"}],"replies":[{"embeddable":true,"href":"https:\/\/viikko.ylistyslahti.fi\/index.php\/wp-json\/wp\/v2\/comments?post=179"}],"version-history":[{"count":16,"href":"https:\/\/viikko.ylistyslahti.fi\/index.php\/wp-json\/wp\/v2\/pages\/179\/revisions"}],"predecessor-version":[{"id":484,"href":"https:\/\/viikko.ylistyslahti.fi\/index.php\/wp-json\/wp\/v2\/pages\/179\/revisions\/484"}],"wp:attachment":[{"href":"https:\/\/viikko.ylistyslahti.fi\/index.php\/wp-json\/wp\/v2\/media?parent=179"}],"curies":[{"name":"wp","href":"https:\/\/api.w.org\/{rel}","templated":true}]}}

<div class="wp-block-columns is-layout-flex wp-container-core-columns-is-layout-28f84493 wp-block-columns-is-layout-flex">
<div class="wp-block-column is-layout-flow wp-block-column-is-layout-flow" style="flex-basis:33.33%">
<figure class="wp-block-image size-full is-resized"><img loading="lazy" decoding="async" width="238" height="227" src="https://viikko.ylistyslahti.fi/wp-content/uploads/2025/05/YMPY5.png" alt="" class="wp-image-169" style="width:125px;height:auto"/></figure>
</div>



<div class="wp-block-column is-vertically-aligned-center is-layout-flow wp-block-column-is-layout-flow" style="flex-basis:66.66%">
<ul class="wp-block-list">
<li>Paikka: Avoin</li>



<li>Osoite: Avoin</li>



<li>Ylistystä johtaa: Anne Suonpää</li>
</ul>
</div>



<div class="wp-block-column is-layout-flow wp-block-column-is-layout-flow"></div>
</div>



<div style="height:44px" aria-hidden="true" class="wp-block-spacer"></div>



<figure class="wp-block-image size-full"><img loading="lazy" decoding="async" width="1024" height="1024" src="https://viikko.ylistyslahti.fi/wp-content/uploads/2025/06/Designer-12.jpeg" alt="" class="wp-image-332" srcset="https://viikko.ylistyslahti.fi/wp-content/uploads/2025/06/Designer-12.jpeg 1024w, https://viikko.ylistyslahti.fi/wp-content/uploads/2025/06/Designer-12-300x300.jpeg 300w, https://viikko.ylistyslahti.fi/wp-content/uploads/2025/06/Designer-12-150x150.jpeg 150w, https://viikko.ylistyslahti.fi/wp-content/uploads/2025/06/Designer-12-768x768.jpeg 768w" sizes="auto, (max-width: 1024px) 100vw, 1024px" /></figure>



<div style="height:19px" aria-hidden="true" class="wp-block-spacer"></div>



<div class="wp-block-group is-nowrap is-layout-flex wp-container-core-group-is-layout-6c531013 wp-block-group-is-layout-flex">
<figure class="wp-block-image alignleft size-full is-resized"><img loading="lazy" decoding="async" width="1024" height="1024" src="https://viikko.ylistyslahti.fi/wp-content/uploads/2025/05/Designer-11.jpeg" alt="" class="wp-image-181" style="width:157px;height:auto" srcset="https://viikko.ylistyslahti.fi/wp-content/uploads/2025/05/Designer-11.jpeg 1024w, https://viikko.ylistyslahti.fi/wp-content/uploads/2025/05/Designer-11-300x300.jpeg 300w, https://viikko.ylistyslahti.fi/wp-content/uploads/2025/05/Designer-11-150x150.jpeg 150w, https://viikko.ylistyslahti.fi/wp-content/uploads/2025/05/Designer-11-768x768.jpeg 768w" sizes="auto, (max-width: 1024px) 100vw, 1024px" /></figure>



<blockquote class="wp-block-quote is-layout-flow wp-block-quote-is-layout-flow">
<p>&#8221;Hänelle, joka valtaistuimella istuu, ja Karitsalle ylistys ja kunnia ja kirkkaus ja valta aina ja iankaikkisesti&#8221; (Ilm 5:13)</p>
</blockquote>
</div>



<div style="height:39px" aria-hidden="true" class="wp-block-spacer"></div>



<figure class="wp-block-image size-full"><img loading="lazy" decoding="async" width="786" height="522" src="https://viikko.ylistyslahti.fi/wp-content/uploads/2025/05/Ylistysviikko_2.png" alt="" class="wp-image-92" srcset="https://viikko.ylistyslahti.fi/wp-content/uploads/2025/05/Ylistysviikko_2.png 786w, https://viikko.ylistyslahti.fi/wp-content/uploads/2025/05/Ylistysviikko_2-300x199.png 300w, https://viikko.ylistyslahti.fi/wp-content/uploads/2025/05/Ylistysviikko_2-768x510.png 768w" sizes="auto, (max-width: 786px) 100vw, 786px" /></figure>



<div style="height:71px" aria-hidden="true" class="wp-block-spacer"></div>



<div class="wp-block-group is-nowrap is-layout-flex wp-container-core-group-is-layout-6c531013 wp-block-group-is-layout-flex">
<figure class="wp-block-image alignleft size-full is-resized"><img loading="lazy" decoding="async" width="238" height="227" src="https://viikko.ylistyslahti.fi/wp-content/uploads/2025/05/YMPY5.png" alt="" class="wp-image-169" style="width:215px;height:auto"/></figure>



<div class="wp-block-group is-nowrap is-layout-flex wp-container-core-group-is-layout-6c531013 wp-block-group-is-layout-flex">
<details class="wp-block-details is-layout-flow wp-block-details-is-layout-flow"><summary>Tähän tulossa Anne Suonpään ajatuksia ylistyksestä ja tulevasta illasta:</summary>
<p>Jumalan ylistäminen musiikin kautta on minulle asia, joka on istutettu sydämeeni. Tutustuin ylistykseen ensimmäisiä kertoja ollessani rippikoulussa. Koska olin harrastanut pianonsoittoa, tuli soittamisesta ja laulamisesta minulle hyvin luonnollinen tapa kohdata Jumalaa. </p>



<p>Tällä hetkellä palvelen Lahden vapaaseurakunnassa vaihtuvilla kokoonpanoilla. Tässä maanantain ylistyksessä kanssani on Noora Nieminen.</p>



<p>Kaipaan ylistystä, jossa on aikaa viipyä kiireettömästi Jumalan läsnäolossä häntä palvoen. Tähän haluan myös ihmisiä johdattaa. </p>



<p>Kaipauksenani on päästä lähelle Jumalan sydäntä. Vain hän on tärkein! Toivon, että illan aikana Jumala kohtaa, yhdistää ja varustaa seurakuntaansa.</p>
</details>
</div>
</div>



<div style="height:100px" aria-hidden="true" class="wp-block-spacer"></div>



<blockquote class="wp-block-quote is-layout-flow wp-block-quote-is-layout-flow">
<figure class="wp-block-image size-full"><img loading="lazy" decoding="async" width="1024" height="1024" src="https://viikko.ylistyslahti.fi/wp-content/uploads/2025/05/Designer-11.jpeg" alt="" class="wp-image-181" srcset="https://viikko.ylistyslahti.fi/wp-content/uploads/2025/05/Designer-11.jpeg 1024w, https://viikko.ylistyslahti.fi/wp-content/uploads/2025/05/Designer-11-300x300.jpeg 300w, https://viikko.ylistyslahti.fi/wp-content/uploads/2025/05/Designer-11-150x150.jpeg 150w, https://viikko.ylistyslahti.fi/wp-content/uploads/2025/05/Designer-11-768x768.jpeg 768w" sizes="auto, (max-width: 1024px) 100vw, 1024px" /></figure>
</blockquote>



<p></p>



<p></p>

<p>&#8221;Hänelle, joka valtaistuimella istuu, ja Karitsalle ylistys ja kunnia ja kirkkaus ja valta aina ja iankaikkisesti&#8221; (Ilm 5:13)</p>
