{"id":191,"date":"2025-05-17T18:14:40","date_gmt":"2025-05-17T15:14:40","guid":{"rendered":"https:\/\/viikko.ylistyslahti.fi\/?page_id=191"},"modified":"2026-04-26T15:48:19","modified_gmt":"2026-04-26T12:48:19","slug":"tiistai-26-8-klo-18","status":"publish","type":"page","link":"https:\/\/viikko.ylistyslahti.fi\/index.php\/tiistai-26-8-klo-18\/","title":{"rendered":"Tiistai 25.8. klo 18.30"},"content":{"rendered":"\n<div class=\"wp-block-columns is-layout-flex wp-container-core-columns-is-layout-28f84493 wp-block-columns-is-layout-flex\">\n<div class=\"wp-block-column is-layout-flow wp-block-column-is-layout-flow\" style=\"flex-basis:33.33%\">\n<figure class=\"wp-block-image size-full is-resized\"><img loading=\"lazy\" decoding=\"async\" width=\"241\" height=\"229\" src=\"https:\/\/viikko.ylistyslahti.fi\/wp-content\/uploads\/2025\/05\/YMPY6.png\" alt=\"\" class=\"wp-image-172\" style=\"width:125px;height:auto\"\/><\/figure>\n<\/div>\n\n\n\n<div class=\"wp-block-column is-vertically-aligned-center is-layout-flow wp-block-column-is-layout-flow\" style=\"flex-basis:66.66%\">\n<ul class=\"wp-block-list\">\n<li>Paikka: Yhteis\u00f6tila L\u00e4hde, Lahden vapaaseurakunta<\/li>\n\n\n\n<li>Osoite: Vesij\u00e4rvenkatu 38<\/li>\n\n\n\n<li>Ylistyst\u00e4 johtaa: Sonja Kotinurmi<\/li>\n<\/ul>\n<\/div>\n\n\n\n<div class=\"wp-block-column is-layout-flow wp-block-column-is-layout-flow\"><\/div>\n<\/div>\n\n\n\n<div style=\"height:44px\" aria-hidden=\"true\" class=\"wp-block-spacer\"><\/div>\n\n\n\n<figure class=\"wp-block-image size-full\"><img loading=\"lazy\" decoding=\"async\" width=\"1024\" height=\"1024\" src=\"https:\/\/viikko.ylistyslahti.fi\/wp-content\/uploads\/2025\/05\/Designer-9.jpeg\" alt=\"\" class=\"wp-image-197\" srcset=\"https:\/\/viikko.ylistyslahti.fi\/wp-content\/uploads\/2025\/05\/Designer-9.jpeg 1024w, https:\/\/viikko.ylistyslahti.fi\/wp-content\/uploads\/2025\/05\/Designer-9-300x300.jpeg 300w, https:\/\/viikko.ylistyslahti.fi\/wp-content\/uploads\/2025\/05\/Designer-9-150x150.jpeg 150w, https:\/\/viikko.ylistyslahti.fi\/wp-content\/uploads\/2025\/05\/Designer-9-768x768.jpeg 768w\" sizes=\"auto, (max-width: 1024px) 100vw, 1024px\" \/><\/figure>\n\n\n\n<div style=\"height:19px\" aria-hidden=\"true\" class=\"wp-block-spacer\"><\/div>\n\n\n\n<div class=\"wp-block-group is-nowrap is-layout-flex wp-container-core-group-is-layout-6c531013 wp-block-group-is-layout-flex\">\n<figure class=\"wp-block-image alignleft size-full is-resized\"><img loading=\"lazy\" decoding=\"async\" width=\"1024\" height=\"1024\" src=\"https:\/\/viikko.ylistyslahti.fi\/wp-content\/uploads\/2025\/05\/Designer-11.jpeg\" alt=\"\" class=\"wp-image-181\" style=\"width:157px;height:auto\" srcset=\"https:\/\/viikko.ylistyslahti.fi\/wp-content\/uploads\/2025\/05\/Designer-11.jpeg 1024w, https:\/\/viikko.ylistyslahti.fi\/wp-content\/uploads\/2025\/05\/Designer-11-300x300.jpeg 300w, https:\/\/viikko.ylistyslahti.fi\/wp-content\/uploads\/2025\/05\/Designer-11-150x150.jpeg 150w, https:\/\/viikko.ylistyslahti.fi\/wp-content\/uploads\/2025\/05\/Designer-11-768x768.jpeg 768w\" sizes=\"auto, (max-width: 1024px) 100vw, 1024px\" \/><\/figure>\n\n\n\n<blockquote class=\"wp-block-quote is-layout-flow wp-block-quote-is-layout-flow\">\n<p>&#8221;Lasten ja imev\u00e4isten suusta sin\u00e4 olet valmistanut itsellesi kiitoksen.&#8221; (Mt 21:16)<\/p>\n<\/blockquote>\n<\/div>\n\n\n\n<div style=\"height:39px\" aria-hidden=\"true\" class=\"wp-block-spacer\"><\/div>\n\n\n\n<figure class=\"wp-block-image size-full\"><img loading=\"lazy\" decoding=\"async\" width=\"786\" height=\"522\" src=\"https:\/\/viikko.ylistyslahti.fi\/wp-content\/uploads\/2025\/05\/Ylistysviikko_2.png\" alt=\"\" class=\"wp-image-92\" srcset=\"https:\/\/viikko.ylistyslahti.fi\/wp-content\/uploads\/2025\/05\/Ylistysviikko_2.png 786w, https:\/\/viikko.ylistyslahti.fi\/wp-content\/uploads\/2025\/05\/Ylistysviikko_2-300x199.png 300w, https:\/\/viikko.ylistyslahti.fi\/wp-content\/uploads\/2025\/05\/Ylistysviikko_2-768x510.png 768w\" sizes=\"auto, (max-width: 786px) 100vw, 786px\" \/><\/figure>\n\n\n\n<div style=\"height:71px\" aria-hidden=\"true\" class=\"wp-block-spacer\"><\/div>\n\n\n\n<div class=\"wp-block-group is-nowrap is-layout-flex wp-container-core-group-is-layout-6c531013 wp-block-group-is-layout-flex\">\n<figure class=\"wp-block-image alignleft size-full is-resized\"><img loading=\"lazy\" decoding=\"async\" width=\"606\" height=\"640\" src=\"https:\/\/viikko.ylistyslahti.fi\/wp-content\/uploads\/2025\/07\/image1.jpeg\" alt=\"\" class=\"wp-image-405\" style=\"width:227px;height:auto\" srcset=\"https:\/\/viikko.ylistyslahti.fi\/wp-content\/uploads\/2025\/07\/image1.jpeg 606w, https:\/\/viikko.ylistyslahti.fi\/wp-content\/uploads\/2025\/07\/image1-284x300.jpeg 284w\" sizes=\"auto, (max-width: 606px) 100vw, 606px\" \/><\/figure>\n\n\n\n<div class=\"wp-block-group is-nowrap is-layout-flex wp-container-core-group-is-layout-6c531013 wp-block-group-is-layout-flex\">\n<details class=\"wp-block-details is-layout-flow wp-block-details-is-layout-flow\"><summary>T\u00e4h\u00e4n tulossa Sonja Kotinurmen ajatuksia illasta ja ylistyksest\u00e4<\/summary>\n<p><\/p>\n<\/details>\n<\/div>\n<\/div>\n\n\n\n<blockquote class=\"wp-block-quote is-layout-flow wp-block-quote-is-layout-flow\">\n<p><\/p>\n<\/blockquote>\n\n\n\n\n\n<p><\/p>\n","protected":false},"excerpt":{"rendered":"<p>&#8221;Lasten ja imev\u00e4isten suusta sin\u00e4 olet valmistanut itsellesi kiitoksen.&#8221; (Mt 21:16)<\/p>\n","protected":false},"author":1,"featured_media":0,"parent":0,"menu_order":0,"comment_status":"closed","ping_status":"closed","template":"","meta":{"footnotes":""},"class_list":["post-191","page","type-page","status-publish","hentry"],"_links":{"self":[{"href":"https:\/\/viikko.ylistyslahti.fi\/index.php\/wp-json\/wp\/v2\/pages\/191","targetHints":{"allow":["GET"]}}],"collection":[{"href":"https:\/\/viikko.ylistyslahti.fi\/index.php\/wp-json\/wp\/v2\/pages"}],"about":[{"href":"https:\/\/viikko.ylistyslahti.fi\/index.php\/wp-json\/wp\/v2\/types\/page"}],"author":[{"embeddable":true,"href":"https:\/\/viikko.ylistyslahti.fi\/index.php\/wp-json\/wp\/v2\/users\/1"}],"replies":[{"embeddable":true,"href":"https:\/\/viikko.ylistyslahti.fi\/index.php\/wp-json\/wp\/v2\/comments?post=191"}],"version-history":[{"count":14,"href":"https:\/\/viikko.ylistyslahti.fi\/index.php\/wp-json\/wp\/v2\/pages\/191\/revisions"}],"predecessor-version":[{"id":485,"href":"https:\/\/viikko.ylistyslahti.fi\/index.php\/wp-json\/wp\/v2\/pages\/191\/revisions\/485"}],"wp:attachment":[{"href":"https:\/\/viikko.ylistyslahti.fi\/index.php\/wp-json\/wp\/v2\/media?parent=191"}],"curies":[{"name":"wp","href":"https:\/\/api.w.org\/{rel}","templated":true}]}}

<div class="wp-block-columns is-layout-flex wp-container-core-columns-is-layout-28f84493 wp-block-columns-is-layout-flex">
<div class="wp-block-column is-layout-flow wp-block-column-is-layout-flow" style="flex-basis:33.33%">
<figure class="wp-block-image size-full is-resized"><img loading="lazy" decoding="async" width="241" height="229" src="https://viikko.ylistyslahti.fi/wp-content/uploads/2025/05/YMPY6.png" alt="" class="wp-image-172" style="width:125px;height:auto"/></figure>
</div>



<div class="wp-block-column is-vertically-aligned-center is-layout-flow wp-block-column-is-layout-flow" style="flex-basis:66.66%">
<ul class="wp-block-list">
<li>Paikka: Yhteisötila Lähde, Lahden vapaaseurakunta</li>



<li>Osoite: Vesijärvenkatu 38</li>



<li>Ylistystä johtaa: Sonja Kotinurmi</li>
</ul>
</div>



<div class="wp-block-column is-layout-flow wp-block-column-is-layout-flow"></div>
</div>



<div style="height:44px" aria-hidden="true" class="wp-block-spacer"></div>



<figure class="wp-block-image size-full"><img loading="lazy" decoding="async" width="1024" height="1024" src="https://viikko.ylistyslahti.fi/wp-content/uploads/2025/05/Designer-9.jpeg" alt="" class="wp-image-197" srcset="https://viikko.ylistyslahti.fi/wp-content/uploads/2025/05/Designer-9.jpeg 1024w, https://viikko.ylistyslahti.fi/wp-content/uploads/2025/05/Designer-9-300x300.jpeg 300w, https://viikko.ylistyslahti.fi/wp-content/uploads/2025/05/Designer-9-150x150.jpeg 150w, https://viikko.ylistyslahti.fi/wp-content/uploads/2025/05/Designer-9-768x768.jpeg 768w" sizes="auto, (max-width: 1024px) 100vw, 1024px" /></figure>



<div style="height:19px" aria-hidden="true" class="wp-block-spacer"></div>



<div class="wp-block-group is-nowrap is-layout-flex wp-container-core-group-is-layout-6c531013 wp-block-group-is-layout-flex">
<figure class="wp-block-image alignleft size-full is-resized"><img loading="lazy" decoding="async" width="1024" height="1024" src="https://viikko.ylistyslahti.fi/wp-content/uploads/2025/05/Designer-11.jpeg" alt="" class="wp-image-181" style="width:157px;height:auto" srcset="https://viikko.ylistyslahti.fi/wp-content/uploads/2025/05/Designer-11.jpeg 1024w, https://viikko.ylistyslahti.fi/wp-content/uploads/2025/05/Designer-11-300x300.jpeg 300w, https://viikko.ylistyslahti.fi/wp-content/uploads/2025/05/Designer-11-150x150.jpeg 150w, https://viikko.ylistyslahti.fi/wp-content/uploads/2025/05/Designer-11-768x768.jpeg 768w" sizes="auto, (max-width: 1024px) 100vw, 1024px" /></figure>



<blockquote class="wp-block-quote is-layout-flow wp-block-quote-is-layout-flow">
<p>&#8221;Lasten ja imeväisten suusta sinä olet valmistanut itsellesi kiitoksen.&#8221; (Mt 21:16)</p>
</blockquote>
</div>



<div style="height:39px" aria-hidden="true" class="wp-block-spacer"></div>



<figure class="wp-block-image size-full"><img loading="lazy" decoding="async" width="786" height="522" src="https://viikko.ylistyslahti.fi/wp-content/uploads/2025/05/Ylistysviikko_2.png" alt="" class="wp-image-92" srcset="https://viikko.ylistyslahti.fi/wp-content/uploads/2025/05/Ylistysviikko_2.png 786w, https://viikko.ylistyslahti.fi/wp-content/uploads/2025/05/Ylistysviikko_2-300x199.png 300w, https://viikko.ylistyslahti.fi/wp-content/uploads/2025/05/Ylistysviikko_2-768x510.png 768w" sizes="auto, (max-width: 786px) 100vw, 786px" /></figure>



<div style="height:71px" aria-hidden="true" class="wp-block-spacer"></div>



<div class="wp-block-group is-nowrap is-layout-flex wp-container-core-group-is-layout-6c531013 wp-block-group-is-layout-flex">
<figure class="wp-block-image alignleft size-full is-resized"><img loading="lazy" decoding="async" width="606" height="640" src="https://viikko.ylistyslahti.fi/wp-content/uploads/2025/07/image1.jpeg" alt="" class="wp-image-405" style="width:227px;height:auto" srcset="https://viikko.ylistyslahti.fi/wp-content/uploads/2025/07/image1.jpeg 606w, https://viikko.ylistyslahti.fi/wp-content/uploads/2025/07/image1-284x300.jpeg 284w" sizes="auto, (max-width: 606px) 100vw, 606px" /></figure>



<div class="wp-block-group is-nowrap is-layout-flex wp-container-core-group-is-layout-6c531013 wp-block-group-is-layout-flex">
<details class="wp-block-details is-layout-flow wp-block-details-is-layout-flow"><summary>Tähän tulossa Sonja Kotinurmen ajatuksia illasta ja ylistyksestä</summary>
<p></p>
</details>
</div>
</div>



<blockquote class="wp-block-quote is-layout-flow wp-block-quote-is-layout-flow">
<p></p>
</blockquote>





<p></p>

<p>&#8221;Lasten ja imeväisten suusta sinä olet valmistanut itsellesi kiitoksen.&#8221; (Mt 21:16)</p>
